se 0*y - 3*y + 17 = 2*w, w - 4*y + 8 = 0. Suppose -7*b + w*b = -12. Suppose b*c = 8*c - 12. List the prime factors of c.
3
Suppose 88 = 2*k + 2*k. Suppose -g + 6*g + k = r, g = 4*r - 12. Suppose 2*d + 2*d = b + 42, d - 7 = r*b. What are the prime factors of d?
11
Suppose 34*t + 10029 = 5*b + 31*t, 8025 = 4*b - 3*t. List the prime factors of b.
2, 3, 167
Suppose -4*z = -4*c + 52, -3*z - 3*c - 7 = 26. Let f = z + 165. What are the prime factors of f?
3, 17
Let v(w) = -15*w - 3. Let p(x) = x + 13. Let h be p(-17). What are the prime factors of v(h)?
3, 19
Let n be 2*3/(18/15). Suppose 0 = n*r - 2*r - 435. List the prime factors of r.
5, 29
Suppose 3*f + 3327 = 5*z, 2*z + 6*f - 10*f - 1342 = 0. What are the prime factors of z?
3, 13, 17
Suppose 10 - 30 = -4*s. Suppose 172 = -4*k + y - 227, s*k + 2*y + 489 = 0. What are the prime factors of k/(-6) + 3/(-2)?
3, 5
Let p(k) = -27*k + 45. List the prime factors of p(-6).
3, 23
Let h(z) = 1420*z**2 + z. What are the prime factors of h(-1)?
3, 11, 43
Suppose 0 = -4*j + 2*j + 64. Let n = j + 6. List the prime factors of n.
2, 19
Let r = 3025 - 1729. What are the prime factors of r?
2, 3
Suppose 10 - 2 = 2*w. Suppose -w*h + 0*h = -184. Let r = 90 - h. What are the prime factors of r?
2, 11
Let m(n) = 6*n**2 + 55*n + 179. List the prime factors of m(23).
2, 2309
Suppose 3*b + 8 = 17. Let f(c) = 0*c**b + c**3 + 7*c**2 + 2 - 1 - 2*c**3 - 5*c. What are the prime factors of f(5)?
2, 13
Let c = 2787 - 1109. List the prime factors of c.
2, 839
List the prime factors of -12 - 3165/(-7 + 6).
3, 1051
Let u = 212 - 67. Suppose 16*y = 11*y + u. List the prime factors of y.
29
List the prime factors of 22/33*66/4.
11
Let d(m) = -7*m + 20. Let o(v) = 2*v - 5. Let a be 1*6 - (2 - 5). Let h(j) = a*o(j) + 2*d(j). What are the prime factors of h(6)?
19
Suppose g + 2*o - 12 = 16, o = 2. Let x = 39 + g. List the prime factors of x.
3, 7
Let x = -20 + 766. List the prime factors of x.
2, 373
Suppose 5*m + 1 = -2*n + 2, m = -2*n + 5. Suppose 4*a - 16 = -5*y + y, 0 = -n*a. Suppose -4 = -y*h - d, 3*h = 4*d + 23 - 1. What are the prime factors of h?
2
Suppose 0 = 6*m - 11*m + 25. Suppose 2*w - 4*w + 27 = -5*s, -m*w - 10 = 3*s. Suppose 5*u - w = 29. List the prime factors of u.
2, 3
Suppose 3*m - 16 = 2. Let t be 2*((-21)/m + -2). Let l(u) = u**3 + 12*u**2 + 10*u - 3. List the prime factors of l(t).
2
List the prime factors of 10071/18*(-4)/(-6).
373
Let f be (-20)/(-20) + (0 - 267). Let w = -15 - f. List the prime factors of w.
251
Let p(k) = 2*k**2 - 2*k - 21. What are the prime factors of p(-6)?
3, 7
Let c(t) = 6*t - 16. Let u be c(3). Suppose 307 = 2*z + 3*i, 2*z - u*i + 3*i - 305 = 0. What are the prime factors of z?
2, 19
Suppose 0 = -4*j + m + 9, 0 = j + 3*m - 1 + 2. Suppose 0 = -2*x - 0*x + 4, -j*b = -2*x + 8. Let h(t) = -5*t - 1. What are the prime factors of h(b)?
3
Suppose 4*q = -4*w + 28, w - 23 = -2*w - 4*q. Suppose -245 = -w*n + 320. List the prime factors of n.
113
Suppose -20*b + 16240 = -2580. List the prime factors of b.
941
What are the prime factors of (-1)/(60/(-42728)) + 10/(-75)?
2, 89
Let h = -4 - -4. Let o(l) = -3 + l + 11 + h*l - 4*l. What are the prime factors of o(-5)?
23
Let f(o) = -o + 17. Let g be f(17). Suppose -100 = -g*b - 4*b + 2*y, 2*b = -y + 50. What are the prime factors of b?
5
Let v(z) be the third derivative of z**5/10 + z**4/4 + 3*z**3/2 + 19*z**2. List the prime factors of v(4).
3, 43
Suppose -154 = -x - 3*i, -3*i + 2*i + 313 = 2*x. Suppose 2*s - 402 = -9*r + 4*r, -3*s - x = -2*r. List the prime factors of r.
2, 5
Suppose -x - 2646 = -5*c + 3504, 5*x = 4*c - 4941. What are the prime factors of c?
1229
Suppose 0 = -27*z + 20*z + 483. What are the prime factors of z?
3, 23
Let r(i) = 21*i**3 + 2*i**2 - 9*i + 16. What are the prime factors of r(3)?
2, 7, 41
Let x = -36 + -66. Let w = 249 + x. List the prime factors of w.
3, 7
Let h = 13 - 4. Let y(g) = 13*g + 27 + h - 11*g. What are the prime factors of y(0)?
2, 3
Let y(a) = 107*a**3 - 9*a**2 + 3*a - 2. Let z(j) = -54*j**3 + 5*j**2 - 2*j + 1. Let r(k) = -4*y(k) - 7*z(k). List the prime factors of r(-1).
2, 5
Let p(s) = s**2 - 53*s - 61. List the prime factors of p(-57).
7, 887
Suppose -6*h = -1329 - 465. List the prime factors of h.
13, 23
Let q be 3*(1 + 3)/4. Suppose 7*w - q*w - 92 = 0. List the prime factors of w.
23
Let c(x) = -x**3 - 5*x**2 + 3*x + 19. Let n be c(-5). Suppose -5*u - 9*m + 10*m + 561 = 0, 0 = -4*u - n*m + 444. What are the prime factors of u?
2, 7
Let d(n) = -n - 2. Let a be d(-5). Suppose a*c + 3*j - 7*j = -23, 2*c + 12 = 2*j. Let o(t) = -41*t + 3. What are the prime factors of o(c)?
2, 11
Let p = 468 + 716. List the prime factors of p.
2, 37
Let a = 414 + -284. What are the prime factors of a?
2, 5, 13
Let g(w) = -w**3 - 8*w**2 + 25*w - 16. Let p be g(-11). What are the prime factors of ((-50)/(-4))/(4/p)?
3, 5
Suppose 0*o - 2*o = 2*i - 26, 2*i - 2*o = 22. Let g = i - 11. Let n(s) = 12*s**3 + s**2. What are the prime factors of n(g)?
13
Suppose 5*b + m = 4682, 2182 = 5*b + 5*m - 2508. What are the prime factors of b?
2, 3, 13
Suppose 0 = -4*n + n + 42. Let w be (n/4)/((-2)/(-4)). Suppose 0 = 3*i - 56 - w. List the prime factors of i.
3, 7
Suppose -2*k = k - 813. Suppose -k = -4*m + 3*g, 2*m + 2*g = 3*m - 74. List the prime factors of m.
2
List the prime factors of (144/27)/4*(-570)/(-4).
2, 5, 19
Let r(o) = 3 + 7*o + 3 - 2 + 8*o**2 + o**3. Let c be r(-7). Suppose 0 = -c*k + 5*z + 41, 5*z - 61 = -5*k - 21. What are the prime factors of k?
3
Suppose 8*c = 14*c - 318. What are the prime factors of c?
53
Suppose 2*u = 5*i + 19, -4*u - 3*i = -0*u + 1. What are the prime factors of u + -2 + 1 - (-319 + -5)?
5, 13
Suppose 3*v + 0*v = 6. Let z be v*1/(-6)*-6. Suppose n = -z*k + 24, -7*n = -4*n - 4*k - 82. What are the prime factors of n?
2, 13
Let t be 6*(-1)/(-2) + (-3212)/(-11). Suppose -4*q = -9*q + 2*c + 340, 4*q + 3*c = t. What are the prime factors of q?
2, 5, 7
Let b(g) = -82 - 2*g**3 - 87*g + 3*g**3 + 234 - g**2 + 86*g. List the prime factors of b(0).
2, 19
Let b(d) be the first derivative of -d**3/3 - 9*d**2 + 10*d + 8. List the prime factors of b(-18).
2, 5
Let c(f) = f**3 + 14*f**2 + 22*f - 12. What are the prime factors of c(-9)?
3, 5, 13
Let k(j) be the second derivative of j**5/4 + j**4/6 + j**3/2 - 5*j**2/2 - 18*j. What are the prime factors of k(3)?
157
Let w = 16 + -6. Let r be w/(-3)*54/(-36). Suppose 60 = r*o - 105. What are the prime factors of o?
3, 11
Suppose 5*c = -u + 736, 2*u - 7*c + 12*c - 1462 = 0. What are the prime factors of u?
2, 3, 11
What are the prime factors of -12*(-11 - (-1586)/(-8))?
3, 31
Let x(s) = -s**2 - 10*s + 3. Let u be 1 + (-1 - 0 - 10). Let d be x(u). Suppose 2*l + 18 = f, -f - 4*f + 62 = -d*l. What are the prime factors of f?
2, 5
Suppose -4*f - 1716 = -5948. List the prime factors of f.
2, 23
Suppose 268*k = 250*k + 7398. What are the prime factors of k?
3, 137
Let c = 28 + -21. Suppose 2*y = c - 1. What are the prime factors of (y + (-31 - 3))*-1?
31
Let i = 57 + -68. What are the prime factors of (i - -12) + 1 + 79?
3
Let r(n) = -2 + 2 - 2*n - 1 + 332*n**2 - 1. List the prime factors of r(1).
2, 41
Let t be 1 - 140 - (0 + 0). Let n = -75 - t. List the prime factors of n.
2
Let h be 2*(0/(-1) - -13). Let c = -20 + h. What are the prime factors of (-4)/c*(-1029)/14?
7
Let w(r) = 40*r**3 + 3*r**2 + 12*r - 26. What are the prime factors of w(3)?
1117
Let g = 103 + 2161. List the prime factors of g.
2, 283
Suppose 5*o - 2*o - 624 = 0. List the prime factors of o/6 - 8/(-6).
2, 3
Let x(s) = s**3 - 3*s**2 + 2*s + 13. Let p be 4/12 - 22/(-6). List the prime factors of x(p).
37
Suppose 18*u - 32*u = -54880. What are the prime factors of u?
2, 5, 7
Let m be ((-51)/(-6))/((-1)/(-2)). Let r be m/(-3) - 4/(-6). Let i(w) = -w + 1. List the prime factors of i(r).
2, 3
Let t = 1312 - 556. List the prime factors of t.
2, 3, 7
Let g = -17 - -30. Let l(y) = -2*y + 5. Let j(p) = 10*p - 26. Let w(h) = 6*j(h) + 28*l(h). List the prime factors of w(g).
2, 3
Suppose 724 = -8*t + 2356. What are the prime factors of t?
2, 3, 17
Suppose 11*s = -1 + 1. Suppose s = -8*w + 15*w - 413. List the prime factors of w.
59
Suppose 0 = c + 4, -n - 3*c = 10 + 3. Let w be ((-10)/8)/(n/12). List the prime factors